ghest common factor of 28 and m.
14
Suppose 117*d = 112*d + 680. What is the greatest common factor of d and 34?
34
Let j(x) = -x - 1. Let q be j(-2). Let s = 5 - 8. Let y be (1/4)/(s/(-84)). What is the greatest common factor of y and q?
1
Suppose 0 = 6*m - m - 165. Suppose 13*o = 12*o + l + 21, 3*l = -o + 25. Calculate the highest common factor of o and m.
11
Let g be (-1)/2 - 70/4. Let j be g/(-8)*4/1. Suppose -14*b + j*b + 450 = 0. What is the highest common divisor of b and 10?
10
Suppose -2 + 6 = a. Suppose -5*b + 6*b + a*f = 24, -b - 3*f + 21 = 0. Calculate the highest common factor of b and 108.
12
Let v be (-4)/1*(-8)/16*5. What is the highest common factor of 1065 and v?
5
Let z be 8/(-28) + -135*(-2)/14. Let j be (-25 + z)*28/(-6). What is the greatest common divisor of j and 4?
4
Let w(c) = -5*c + 20. Let r be w(3). Suppose 0*l = -r*l + 110. What is the highest common factor of l and 33?
11
Suppose 5*d - 47 = j - 194, 489 = 3*j + d. Calculate the greatest common factor of 270 and j.
54
Let k be (13/(-3))/(4/(-48)). Suppose -6*u + k = -4*u. What is the highest common divisor of u and 208?
26
Suppose -11*j - 42 = -372. Suppose 48 = x - r - 26, -3*x + 5*r + 220 = 0. What is the highest common divisor of x and j?
15
Let c = -141 + 361. What is the highest common factor of 44 and c?
44
Let j = -17 + 19. Let z(r) = 10*r**j - r + 0*r - r**3 - 4 + 3*r - r. Let l be z(10). What is the greatest common divisor of 42 and l?
6
Let u be 2 - (6/(-6) + 0). Suppose -u*r = 8*r - 429. What is the greatest common factor of 65 and r?
13
Let b(v) = v**2 - 5. Let a be b(-3). Suppose 0 = -4*f - a*f + 2408. What is the highest common factor of 43 and f?
43
Suppose 960 + 1990 = 59*k. Calculate the highest common divisor of k and 25.
25
Let v(n) = 7*n + n**3 + n**2 + 8*n + 6 + 0*n**2 - 10*n**2. Let f be v(7). What is the highest common divisor of 65 and f?
13
Suppose 0 = 4*g - g + 2*x - 79, -5*g = -4*x - 139. Suppose -15 - 12 = -3*s - 3*b, -36 = -4*s + 3*b. Calculate the highest common divisor of s and g.
9
Let g = 685 - 663. What is the greatest common factor of g and 1078?
22
Let w be (-1)/2 - (-35)/2. Let n = -12 - -3. Let i = w + n. What is the greatest common factor of 40 and i?
8
Let a be (-28)/8*((-36)/7)/1. Let b be -36 + 1/(2/4). Let v = b - -70. What is the greatest common factor of v and a?
18
Let v = -292 + 304. What is the greatest common divisor of 588 and v?
12
Suppose 0 = 3*q + 30 - 60. Let z be (-2)/q - (-21)/5. Calculate the highest common divisor of z and 28.
4
Suppose 12 + 53 = 5*v. Suppose 59 = 2*p - v. Calculate the highest common divisor of 24 and p.
12
Let p be (5 - -1)/(10/(-600)*-6). What is the greatest common divisor of p and 690?
30
Let k be -2 - (-2)/4*2. Let w be (61 - k) + -1 - 1. Let t be 1 + (-34)/(-3) - (-12)/(-36). What is the greatest common divisor of t and w?
12
Let r = -697 + 729. Calculate the highest common factor of r and 1024.
32
Suppose 5*w = 7*w - 20. Let t(s) = 2*s + 18. Let g be t(w). Calculate the greatest common divisor of g and 133.
19
Let l = 12 - 6. Let b be 121/6 + (-1)/l. Calculate the highest common factor of b and 20.
20
Suppose -20 = -3*t + 2*k, -2*t = 8*k - 7*k - 4. Calculate the highest common divisor of t and 86.
2
Suppose -996*z + 1002*z - 3072 = 0. What is the greatest common factor of z and 80?
16
Let y be (-3 + 1)/((-4)/10). Calculate the greatest common divisor of y and 80.
5
Suppose 0 = 6*t - 332 - 112. What is the greatest common divisor of 37 and t?
37
Let o be ((-12)/4)/(6/(-4)). Suppose d - 2*h = 6, 4*h - 6 + o = 0. Let g be 3*4/9*18. What is the highest common divisor of d and g?
8
Let g be -6 + 5383/91 - (-4)/(-26). Calculate the highest common divisor of 53 and g.
53
Let w = 2 + 0. Suppose 74 = w*h - 80. Let u(m) = m**3 - 55*m**2 - 175*m + 69. Let r be u(58). What is the highest common factor of h and r?
11
Let v be ((-16)/(-4) + -10)*-36. Calculate the highest common divisor of 6 and v.
6
Suppose -5*a - 170 = -395. What is the highest common factor of a and 459?
9
Let s(z) = 85*z**3 + z**2 - 1. Let d(r) = -r**2 + 2*r + 4. Let a be d(3). Let v be s(a). Let t = -20 - -37. Calculate the highest common factor of t and v.
17
Suppose -5*u + 265 = -2*u - 4*h, -2*u - 3*h = -154. Let y = -49 + u. Calculate the greatest common factor of y and 17.
17
Let g = -45 + 55. Suppose 62 = 4*l - g. Calculate the greatest common divisor of 12 and l.
6
Let x(m) = 2 + 226*m**2 - 227*m**2 - 3*m - 2*m. Let c be x(-3). Calculate the highest common factor of c and 24.
8
Suppose 5*o = 36 + 4. Let w(c) = -2*c - 4 - 4 - 3*c + c. Let z be w(-10). What is the highest common divisor of o and z?
8
Let u = -50 + 74. Let x(z) = -7*z - 4. Let g be x(-6). Let w = g - u. Calculate the highest common divisor of 28 and w.
14
Let r be (6 - 5)*(-10)/(-2). Suppose -r*l + 2*l = 0. Suppose -18*g + 22*g - 28 = l. What is the greatest common factor of 63 and g?
7
Let h = 3 + 3. Suppose 0 = -21*b + 4*b + 510. What is the greatest common divisor of h and b?
6
Suppose 4 = o + 8. Let v be (-5)/o*4 + 5. What is the greatest common factor of v and 110?
10
Suppose 0 = 4*p + 16, -2*l - 22 = -5*l + p. What is the greatest common factor of l and 82?
2
Let u(h) = 26*h + 36. Let d be u(-16). Let w be d/(-60) + (-4)/(-6). Suppose -w*j + 11*j - 340 = 0. What is the highest common divisor of j and 17?
17
Suppose 0 = -l + 2*v - 44 - 22, -4*v = -4*l - 252. Let r = 80 + l. Calculate the greatest common divisor of r and 100.
20
Let z(d) = -15*d - 1. Let j be z(-1). Let p be (-122)/18 + 2/(-9). Let t be (-688)/p - (-16)/(-56). What is the highest common divisor of t and j?
14
Suppose -4*v - 2*v = -36. Let g be v/7*(5 + 2). Calculate the greatest common factor of 4 and g.
2
Suppose -2*d + 50*r + 792 = 49*r, 0 = d - 2*r - 396. Calculate the greatest common divisor of d and 88.
44
Let w be (-5)/10 - (-2)/4. Let i be (10 - -44) + w + 1. What is the greatest common factor of 5 and i?
5
Suppose 1 = -5*h + 21. Suppose -m - 2*f = m - 22, -m + h*f = -36. Let a = 55 + -15. Calculate the greatest common divisor of m and a.
8
Let p(u) = u**2 + 6*u - 14. Let t be 3*3/((-9)/8). Let q be p(t). Let w be 36/q*162/36. What is the greatest common divisor of w and 54?
27
Let i = -858 + 864. What is the highest common factor of 201 and i?
3
Let s = 193 + -169. Calculate the highest common factor of 384 and s.
24
Suppose x = 4*h + 2, -8 = -4*h - 4*x - 0. Suppose 0 = -3*r - r, -3*q + 4*r + 69 = h. What is the greatest common divisor of 138 and q?
23
Let a(k) = 71*k**2 + 3*k + 1. Let j be a(-2). Let f = j - 4. Calculate the greatest common divisor of f and 25.
25
Let y = -428 + 434. Calculate the greatest common divisor of 2 and y.
2
Let h(n) = 9*n + 2. Let m be h(4). Suppose 0 = -382*j + 376*j + 684. Calculate the greatest common factor of j and m.
38
Let b(t) = t**2 - 4*t - 3. Let p be b(5). Suppose 2*a - 167 - 94 = l, -264 = -p*a + 4*l. What is the greatest common factor of a and 13?
13
Suppose 2*d = -0*d + 48. Let v = -49 + 56. Let r be (-7)/v - d/(-2). What is the highest common divisor of 22 and r?
11
Suppose -27*h + 216 = -459. Calculate the greatest common factor of h and 35.
5
Let u be -3 + (3 - (-1 + -2)). Suppose -u*a = a - 32. Let q(f) = -6*f - 88. Let x be q(-20). Calculate the highest common factor of x and a.
8
Let j be 58/2 + (-5 - (-4 - 5)). Calculate the greatest common factor of 3 and j.
3
Suppose -2*t - 3*t - 20 = 0. Let q = 6 + t. Let w = 8 - 4. What is the greatest common divisor of w and q?
2
Let n(q) = q**2 + 34*q + 460. Let m be n(0). What is the greatest common factor of m and 80?
20
Let m be ((6 - 2) + -7)/((-9)/5808). What is the greatest common factor of m and 16?
16
Suppose 9 = -2*f - f. Let q be (-21 + -18)*(0 + f). Calculate the highest common divisor of q and 13.
13
Suppose 340 = -8*p + 25*p. What is the greatest common factor of p and 110?
10
Let x be (-4)/(-6) + (-175)/(-21). Let g = -1 - -7. Suppose -3*t = -21 - g. What is the greatest common divisor of t and x?
9
Suppose 4*v + 34 = -2*g, -4*g - 18 - 20 = 2*v. Let c(d) = d**3 + 10*d**2 + 17*d + 12. Let p be c(g). What is the highest common divisor of 8 and p?
8
Let t be 7*(-117)/(-182)*16/2. What is the greatest common factor of t and 702?
18
Suppose 0 = 7*n + 63 - 252. Let s(x) = -x 